{"id":139,"date":"2021-03-05T11:10:25","date_gmt":"2021-03-05T09:10:25","guid":{"rendered":"https:\/\/apecrisuri.ro\/?page_id=139"},"modified":"2025-03-11T07:58:44","modified_gmt":"2025-03-11T05:58:44","slug":"politica-sim","status":"publish","type":"page","link":"https:\/\/crisuri.rowater.ro\/?page_id=139","title":{"rendered":"Politica SIM"},"content":{"rendered":"<p>[vc_row][vc_column][vc_column_text]<a href=\"https:\/\/crisuri.rowater.ro\/wp-content\/uploads\/2021\/07\/Politica-SIM-2021.pdf\">POLITICA \u00ceN DOMENIUL CALIT\u0102\u021aII, MEDIULUI, S\u0102N\u0102T\u0102\u021aII \u0218I SECURIT\u0102\u021aII OCUPA\u021aIONALE<\/a><\/p>\n<p><a href=\"https:\/\/crisuri.rowater.ro\/wp-content\/uploads\/2022\/03\/Declaratia-anticoruptie-2021-2025.pdf\">DECLARATIA DE ADERARE LA STRATEGIA NATIONALA ANTICOPUPTIE 2021-2025<\/a><\/p>\n<p><strong>Certific\u0103ri:<\/strong><\/p>\n<p style=\"padding-left: 40px;\"><a href=\"https:\/\/crisuri.rowater.ro\/wp-content\/uploads\/2025\/03\/CERTIFICAT-SR-EN-ISO-9001-VIZA-2025.pdf\">CERTIFICAT SR EN ISO 9001 &#8211; VIZA 2025<\/a><\/p>\n<p style=\"padding-left: 40px;\"><a href=\"https:\/\/crisuri.rowater.ro\/wp-content\/uploads\/2025\/03\/CERTIFICAT-SR-EN-ISO-14001-VIZAT-2025.pdf\">CERTIFICAT SR EN ISO 14001 &#8211; VIZAT 2025<\/a><\/p>\n<p style=\"padding-left: 40px;\"><a href=\"https:\/\/crisuri.rowater.ro\/wp-content\/uploads\/2025\/03\/CERTIFICAT-SR-EN-ISO-45001-VIZAT-2025.pdf\">CERTIFICAT SR EN ISO 45001 &#8211; VIZAT 2025<\/a><\/p>\n<p>[\/vc_column_text][\/vc_column][\/vc_row]<\/p>\n","protected":false},"excerpt":{"rendered":"<p>[vc_row][vc_column][vc_column_text]POLITICA \u00ceN DOMENIUL CALIT\u0102\u021aII, MEDIULUI, S\u0102N\u0102T\u0102\u021aII \u0218I SECURIT\u0102\u021aII OCUPA\u021aIONALE DECLARATIA DE ADERARE LA STRATEGIA NATIONALA ANTICOPUPTIE 2021-2025 Certific\u0103ri: CERTIFICAT SR EN ISO 9001 &#8211; VIZA 2025 CERTIFICAT SR EN ISO\u2026<\/p>\n","protected":false},"author":1,"featured_media":0,"parent":0,"menu_order":0,"comment_status":"closed","ping_status":"closed","template":"","meta":{"footnotes":""},"class_list":["post-139","page","type-page","status-publish","hentry"],"_links":{"self":[{"href":"https:\/\/crisuri.rowater.ro\/index.php?rest_route=\/wp\/v2\/pages\/139","targetHints":{"allow":["GET"]}}],"collection":[{"href":"https:\/\/crisuri.rowater.ro\/index.php?rest_route=\/wp\/v2\/pages"}],"about":[{"href":"https:\/\/crisuri.rowater.ro\/index.php?rest_route=\/wp\/v2\/types\/page"}],"author":[{"embeddable":true,"href":"https:\/\/crisuri.rowater.ro\/index.php?rest_route=\/wp\/v2\/users\/1"}],"replies":[{"embeddable":true,"href":"https:\/\/crisuri.rowater.ro\/index.php?rest_route=%2Fwp%2Fv2%2Fcomments&post=139"}],"version-history":[{"count":13,"href":"https:\/\/crisuri.rowater.ro\/index.php?rest_route=\/wp\/v2\/pages\/139\/revisions"}],"predecessor-version":[{"id":7766,"href":"https:\/\/crisuri.rowater.ro\/index.php?rest_route=\/wp\/v2\/pages\/139\/revisions\/7766"}],"wp:attachment":[{"href":"https:\/\/crisuri.rowater.ro\/index.php?rest_route=%2Fwp%2Fv2%2Fmedia&parent=139"}],"curies":[{"name":"wp","href":"https:\/\/api.w.org\/{rel}","templated":true}]}}