{"id":8771,"date":"2025-10-01T08:57:42","date_gmt":"2025-10-01T06:57:42","guid":{"rendered":"https:\/\/crisuri.rowater.ro\/?page_id=8771"},"modified":"2026-04-20T11:23:14","modified_gmt":"2026-04-20T09:23:14","slug":"imbunatatirea-conditiilor-de-functionare-in-siguranta-a-acumularii-salard-jud-bihor","status":"publish","type":"page","link":"https:\/\/crisuri.rowater.ro\/?page_id=8771","title":{"rendered":"\u00cembun\u0103t\u0103\u021birea condi\u021biilor de func\u021bionare \u00een siguran\u021b\u0103 a Acumul\u0103rii S\u0103lard &#8211; jud. BIHOR"},"content":{"rendered":"<p>[vc_row equal_height=&#8221;yes&#8221; content_placement=&#8221;middle&#8221;][vc_column width=&#8221;1\/6&#8243;][vc_icon type=&#8221;entypo&#8221; icon_entypo=&#8221;entypo-icon entypo-icon-newspaper&#8221; size=&#8221;xl&#8221; align=&#8221;right&#8221;][\/vc_column][vc_column width=&#8221;5\/6&#8243;][vc_column_text]<strong><a href=\"https:\/\/crisuri.rowater.ro\/wp-content\/uploads\/2025\/10\/COMUNICAT-DE-PRESA-SALARD.pdf\">COMUNICAT DE PRESA &#8211; SALARD<\/a><\/strong><\/p>\n<p style=\"text-align: left;\">[\/vc_column_text][\/vc_column][\/vc_row][vc_row equal_height=&#8221;yes&#8221; content_placement=&#8221;middle&#8221;][vc_column width=&#8221;1\/6&#8243;][vc_icon type=&#8221;entypo&#8221; icon_entypo=&#8221;entypo-icon entypo-icon-newspaper&#8221; size=&#8221;xl&#8221; align=&#8221;right&#8221;][\/vc_column][vc_column width=&#8221;5\/6&#8243;][vc_column_text]<strong><a href=\"https:\/\/crisuri.rowater.ro\/wp-content\/uploads\/2026\/04\/ARTICOL-DE-PRESA-SALARD-PNRR.pdf\">COMUNICAT DE PRESA &#8211; SALARD (17 aprilie 2026)<\/a><\/strong>[\/vc_column_text][\/vc_column][\/vc_row][vc_row][vc_column][vc_gallery interval=&#8221;3&#8243; images=&#8221;8804,8803,8802,8801,8799,8800,8798,8797,8745,9594,9593&#8243; img_size=&#8221;600&#215;350&#8243; title=&#8221;Galerie imagini&#8221;][\/vc_column][vc_column][\/vc_column][\/vc_row][vc_row][vc_column][vc_column_text]<\/p>\n<h3><strong>Galerie video<\/strong><\/h3>\n<div style=\"width: 800px;\" class=\"wp-video\"><video class=\"wp-video-shortcode\" id=\"video-8771-1\" width=\"800\" height=\"451\" preload=\"metadata\" controls=\"controls\"><source type=\"video\/mp4\" src=\"https:\/\/crisuri.rowater.ro\/wp-content\/uploads\/2025\/10\/Clip-PNRR-Salard.mp4?_=1\" \/><a href=\"https:\/\/crisuri.rowater.ro\/wp-content\/uploads\/2025\/10\/Clip-PNRR-Salard.mp4\">https:\/\/crisuri.rowater.ro\/wp-content\/uploads\/2025\/10\/Clip-PNRR-Salard.mp4<\/a><\/video><\/div><div style=\"width: 800px;\" class=\"wp-video\"><video class=\"wp-video-shortcode\" id=\"video-8771-2\" width=\"800\" height=\"800\" preload=\"metadata\" controls=\"controls\"><source type=\"video\/mp4\" src=\"https:\/\/crisuri.rowater.ro\/wp-content\/uploads\/2025\/10\/conferinta-de-presa-Salard.mp4?_=2\" \/><a href=\"https:\/\/crisuri.rowater.ro\/wp-content\/uploads\/2025\/10\/conferinta-de-presa-Salard.mp4\">https:\/\/crisuri.rowater.ro\/wp-content\/uploads\/2025\/10\/conferinta-de-presa-Salard.mp4<\/a><\/video><\/div>[\/vc_column_text][\/vc_column][\/vc_row]<\/p>\n","protected":false},"excerpt":{"rendered":"<p>[vc_row equal_height=&#8221;yes&#8221; content_placement=&#8221;middle&#8221;][vc_column width=&#8221;1\/6&#8243;][vc_icon type=&#8221;entypo&#8221; icon_entypo=&#8221;entypo-icon entypo-icon-newspaper&#8221; size=&#8221;xl&#8221; align=&#8221;right&#8221;][\/vc_column][vc_column width=&#8221;5\/6&#8243;][vc_column_text]COMUNICAT DE PRESA &#8211; SALARD [\/vc_column_text][\/vc_column][\/vc_row][vc_row equal_height=&#8221;yes&#8221; content_placement=&#8221;middle&#8221;][vc_column width=&#8221;1\/6&#8243;][vc_icon type=&#8221;entypo&#8221; icon_entypo=&#8221;entypo-icon entypo-icon-newspaper&#8221; size=&#8221;xl&#8221; align=&#8221;right&#8221;][\/vc_column][vc_column width=&#8221;5\/6&#8243;][vc_column_text]COMUNICAT DE PRESA &#8211; SALARD (17 aprilie\u2026<\/p>\n","protected":false},"author":1,"featured_media":0,"parent":0,"menu_order":0,"comment_status":"closed","ping_status":"closed","template":"","meta":{"footnotes":""},"class_list":["post-8771","page","type-page","status-publish","hentry"],"_links":{"self":[{"href":"https:\/\/crisuri.rowater.ro\/index.php?rest_route=\/wp\/v2\/pages\/8771","targetHints":{"allow":["GET"]}}],"collection":[{"href":"https:\/\/crisuri.rowater.ro\/index.php?rest_route=\/wp\/v2\/pages"}],"about":[{"href":"https:\/\/crisuri.rowater.ro\/index.php?rest_route=\/wp\/v2\/types\/page"}],"author":[{"embeddable":true,"href":"https:\/\/crisuri.rowater.ro\/index.php?rest_route=\/wp\/v2\/users\/1"}],"replies":[{"embeddable":true,"href":"https:\/\/crisuri.rowater.ro\/index.php?rest_route=%2Fwp%2Fv2%2Fcomments&post=8771"}],"version-history":[{"count":15,"href":"https:\/\/crisuri.rowater.ro\/index.php?rest_route=\/wp\/v2\/pages\/8771\/revisions"}],"predecessor-version":[{"id":9595,"href":"https:\/\/crisuri.rowater.ro\/index.php?rest_route=\/wp\/v2\/pages\/8771\/revisions\/9595"}],"wp:attachment":[{"href":"https:\/\/crisuri.rowater.ro\/index.php?rest_route=%2Fwp%2Fv2%2Fmedia&parent=8771"}],"curies":[{"name":"wp","href":"https:\/\/api.w.org\/{rel}","templated":true}]}}