{"id":9483,"date":"2026-03-20T12:49:59","date_gmt":"2026-03-20T10:49:59","guid":{"rendered":"https:\/\/crisuri.rowater.ro\/?page_id=9483"},"modified":"2026-03-20T12:54:36","modified_gmt":"2026-03-20T10:54:36","slug":"exproprieri-acumularea-salard","status":"publish","type":"page","link":"https:\/\/crisuri.rowater.ro\/?page_id=9483","title":{"rendered":"Exproprieri Acumularea S\u0103lard"},"content":{"rendered":"<p>[vc_row][vc_column][vc_column_text]Av\u00e2nd in vedere HOT\u0102R\u00c2REA GUVERNULUI nr. 109 din 05 martie 2026 privind aprobarea amplasamentului \u015fi declan\u015farea procedurilor de expropriere a tuturor imobilelor proprietate privat\u0103 care constituie coridorul de expropriere al lucr\u0103rii de utilitate public\u0103 de interes na\u0163ional <strong>&#8222;Imbunatatirea condi\u0163iilor de func\u0163ionare in siguran\u0163a a acumul\u0103rii Salard, jude\u0163ul Bihor&#8221;<\/strong>, precum si aprobarea listei imobilelor proprietate publica a unitatii administrativ-teritoriale care fac parte din coridorul de expropriere al lucr\u0103rii de utilitate publica de interes na\u0163ional si demararea Procedurii de Expropriere aferenta; In temeiul art 8 alin.1) din Legea 255 \/ 2010 privind exproprierea pentru cauz\u0103 de utilitate public\u0103, necesar\u0103 realiz\u0103rii unor obiective de interes na\u0163ional, jude\u0163ean \u015fi local,<br \/>\nAdministra\u0163ia Bazinal\u0103 de Ap\u0103 Cri\u015furi, institu\u0163ie public\u0103 cu sediul \u00een Oradea, str. Ion Bogdan, nr. 35, reprezentat\u0103 legal prin director &#8211; ing. Sandor PASZTOR, procedeaz\u0103 la:<br \/>\nAFI\u015eAREA LISTEI IMOBILELOR CE URMEAZ\u0102 A FI EXPROPRIATE si PLANURILE DE AMPLASAMENT<\/p>\n<p><a href=\"https:\/\/crisuri.rowater.ro\/wp-content\/uploads\/2026\/03\/AnuntExproprieriAcumulareaSalard.pdf\">ANUN\u021a<\/a><\/p>\n<p><a href=\"https:\/\/crisuri.rowater.ro\/wp-content\/uploads\/2026\/03\/CuloarExpropriereSalard.pdf\">Culoar Expropriere S\u0103lard<\/a><\/p>\n<p><a href=\"https:\/\/crisuri.rowater.ro\/wp-content\/uploads\/2026\/03\/HG-nr.109-din-05.03.2026.pdf\">HG nr.109 din 05.03.2026\u00a0<\/a> (inclusiv lista imobilelor)<\/p>\n<p><a href=\"https:\/\/crisuri.rowater.ro\/wp-content\/uploads\/2026\/03\/CERERE-TIP-pt-expropriere-Ac-Salard.docx\">CERERE TIP pt expropriere<\/a>[\/vc_column_text][\/vc_column][\/vc_row]<\/p>\n","protected":false},"excerpt":{"rendered":"<p>[vc_row][vc_column][vc_column_text]Av\u00e2nd in vedere HOT\u0102R\u00c2REA GUVERNULUI nr. 109 din 05 martie 2026 privind aprobarea amplasamentului \u015fi declan\u015farea procedurilor de expropriere a tuturor imobilelor proprietate privat\u0103 care constituie coridorul de expropriere al\u2026<\/p>\n","protected":false},"author":1,"featured_media":0,"parent":0,"menu_order":0,"comment_status":"closed","ping_status":"closed","template":"","meta":{"footnotes":""},"class_list":["post-9483","page","type-page","status-publish","hentry"],"_links":{"self":[{"href":"https:\/\/crisuri.rowater.ro\/index.php?rest_route=\/wp\/v2\/pages\/9483","targetHints":{"allow":["GET"]}}],"collection":[{"href":"https:\/\/crisuri.rowater.ro\/index.php?rest_route=\/wp\/v2\/pages"}],"about":[{"href":"https:\/\/crisuri.rowater.ro\/index.php?rest_route=\/wp\/v2\/types\/page"}],"author":[{"embeddable":true,"href":"https:\/\/crisuri.rowater.ro\/index.php?rest_route=\/wp\/v2\/users\/1"}],"replies":[{"embeddable":true,"href":"https:\/\/crisuri.rowater.ro\/index.php?rest_route=%2Fwp%2Fv2%2Fcomments&post=9483"}],"version-history":[{"count":3,"href":"https:\/\/crisuri.rowater.ro\/index.php?rest_route=\/wp\/v2\/pages\/9483\/revisions"}],"predecessor-version":[{"id":9492,"href":"https:\/\/crisuri.rowater.ro\/index.php?rest_route=\/wp\/v2\/pages\/9483\/revisions\/9492"}],"wp:attachment":[{"href":"https:\/\/crisuri.rowater.ro\/index.php?rest_route=%2Fwp%2Fv2%2Fmedia&parent=9483"}],"curies":[{"name":"wp","href":"https:\/\/api.w.org\/{rel}","templated":true}]}}